t. List the prime factors of t.
7
Suppose 3*c = -5*w + 3*w + 88, 4*w - 180 = -4*c. List the prime factors of w.
47
Suppose a + 48 = 16. Let x = -4 + a. What are the prime factors of x/(-20) - 1/(-5)?
2
Let t = -10 + 4. List the prime factors of (-30)/4*t/5.
3
Let z(s) = -26*s - 1. List the prime factors of z(-5).
3, 43
Let z(f) = -f**3 - 4*f**2 - 4*f - 3. Let a be z(-2). What are the prime factors of (-9)/a - -8 - 2?
3
Let d(x) = -26*x + 2. What are the prime factors of d(-7)?
2, 23
Suppose 12 = -2*d - 5*p + 2*p, 3*d + 5*p + 20 = 0. Suppose l - 5 + 0 = d. What are the prime factors of l?
5
Let y(o) = -2*o**3 + 3*o**2 - 2*o. Let m be y(2). Let n(q) be the first derivative of q**2/2 + 17*q + 1. What are the prime factors of n(m)?
3
Let s be (2 + 0)/(2/(-21)). Let b = -14 - s. What are the prime factors of b/14 - (-5)/2?
3
Let r(i) = i**2 + 3*i - 4. List the prime factors of r(-15).
2, 11
Suppose 0 = 4*u - 83 - 13. List the prime factors of (3 - 1)/4*u.
2, 3
Let a = -3 + 3. Suppose l = -q, -q - 3*q - 20 = a. Suppose 4*i - 5*i = -l*u + 1, 30 = 4*i - 3*u. What are the prime factors of i?
3
Let u(o) be the first derivative of o**3/3 + o**2/2 + 1. Let c(i) = i**2 - 5*i - 4. Let b be c(6). List the prime factors of u(b).
2, 3
Suppose -8*a + 156 = -5*a. List the prime factors of a.
2, 13
Suppose 2*g = -t + 158, 4*t = -t + 2*g + 814. What are the prime factors of t?
2, 3
Suppose 5*s - 226 = -3*z, 2*s + 3*s - 10 = 0. List the prime factors of z.
2, 3
Suppose -2*w + 18 = 4*z, 2*w - 5*z + 23 = 4*w. Let k be 2 + (-6)/(w - 0). Let l = 1 + k. What are the prime factors of l?
3
Suppose x = 3*r + 6*x - 34, 5*r = -3*x + 30. Let z(u) = 4*u**3 + 18 - 17 + 4*u**2 - 5*u**3. What are the prime factors of z(r)?
2, 5
Suppose i = 2*g - 34 - 9, 5*g = 5*i + 120. What are the prime factors of g?
19
Let o be (-16)/3*(-3)/2. Let w = o - -12. List the prime factors of w.
2, 5
Suppose -5*p - 5 + 115 = 0. What are the prime factors of p?
2, 11
Suppose -p - 127 = -5*f - 0*p, -4*f + 4*p = -108. List the prime factors of f.
5
Let b be (-9)/21 - (-328)/14. Let q be 2*(21/(-6))/1. Let u = q + b. What are the prime factors of u?
2
Let p be (-924)/(-18) + 1/(-3). Suppose 3*i = 6*i - p. List the prime factors of i.
17
Let n = -77 - -121. What are the prime factors of n?
2, 11
Let q(m) = m**2 - 8*m + 3. Let w be q(9). Suppose b - w = -3*f + 2*f, 3*f - 48 = b. List the prime factors of f.
3, 5
Let n = 9 + -13. Let y be n*((-75)/6 + -2). Suppose 2*a = -0*w - 4*w + 28, -2*w = -5*a + y. List the prime factors of a.
2, 3
Suppose -4*f = -0*f - 16. Suppose 0 = u - 5*a - 16, u + f*a = 8*a + 14. Let p = 2 + u. What are the prime factors of p?
2
Let a(f) = -13*f - 12. List the prime factors of a(-3).
3
Let b(d) = 2*d**3 - 2*d**2 - d - 3. Let a be ((-1)/(-3))/(3/27). What are the prime factors of b(a)?
2, 3, 5
Let p be -1 - (-4 + (-1)/(-1)). Suppose -2*f + 6 = -2*l, -p*f - 5*l + 1 = -5. What are the prime factors of (f/2)/(3/4)?
2
Let k = 2 + -8. Let f be 15/(1 + 4/k). Suppose q - f = -q - 3*o, -3*q = -5*o - 39. List the prime factors of q.
2, 3
Let i = -4 - -42. What are the prime factors of i?
2, 19
Suppose -2 = -2*m, 2*m = -4*r - 2*m + 4. List the prime factors of (10 + r)/((-2)/(-6)).
2, 3, 5
Let u be 0/((-2)/2 + 0). Let d = 4 - 1. Suppose 20 = 2*a - 7*a, u = -y + d*a + 20. What are the prime factors of y?
2
Let v(d) = -d**3 - d**2 + 1. Let i be v(-2). Suppose g = i*g - 8. Suppose -g*n = 2*n + 5*o - 21, 5*o = -3*n + 12. List the prime factors of n.
3
Suppose 3*p - 6 = -0*p. Let f = p + 0. Suppose -11 - 17 = -f*l. List the prime factors of l.
2, 7
What are the prime factors of 154/10 + 6/(-15)?
3, 5
What are the prime factors of 38/8*8/6*15?
5, 19
Let k = -25 + 42. Suppose 13 = 5*i - k. List the prime factors of i.
2, 3
Let r(c) = -c**3 + c**2 - c + 4. Let f be r(0). Suppose -5*j = -5*s - 0*j + 165, -f*j - 160 = -5*s. List the prime factors of s.
2, 7
Suppose -15 = 3*h + 5*i - 0, -h = 4*i + 12. Let l be 5*6 - (1 - 1). Suppose l = -h*f + 3*f. List the prime factors of f.
2, 5
Let y = 128 + -75. List the prime factors of y.
53
Let i = 22 + -16. List the prime factors of (-3)/i - 87/(-2).
43
Suppose -3*l = 3*d + 7 - 46, -5*l + 62 = 4*d. What are the prime factors of l?
2, 5
Let n = 1 + -1. Let q be (2 - -1) + (0 - n). Suppose -t - q*t + 16 = 0. List the prime factors of t.
2
Suppose -3*x + 163 - 37 = 0. Suppose x = 2*t - 0*t - 4*l, -5*t + 63 = 4*l. List the prime factors of t.
3, 5
Let r(p) = 2*p**2 - 9*p - 1. List the prime factors of r(7).
2, 17
Let n(h) = -h**2 - 6*h + 2. Let b be n(-6). List the prime factors of (-3 + b)*2 + 8.
2, 3
Let l(f) = -f**3 + 15*f**2 + 19*f - 2. What are the prime factors of l(16)?
2, 23
Suppose 3*j - 58 = 83. What are the prime factors of j?
47
Let k(a) = a**3 - 3*a**2 + 2*a + 2. Let z be k(2). Let o(c) = 6*c**2 - 2*c - 2. What are the prime factors of o(z)?
2, 3
Suppose l + v = -1, -2*l - l - 2*v - 4 = 0. Let m be 0 - (l + 4)*-2. Suppose 0 = -2*s + s + m. List the prime factors of s.
2
Let h = 127 - 74. Suppose p = 5*t - 0 + 3, 4*p = t + 12. Suppose t = 5*j - h + 8. List the prime factors of j.
3
Suppose 0 = -g + 3*g + 18. Let b(d) = d**2 + 8*d + 1. List the prime factors of b(g).
2, 5
Let j = -21 - -31. What are the prime factors of (6/2 - j)/(-1)?
7
Let f(y) = y**3 - 6*y**2 + 3*y + 5. Let q be f(6). Suppose -4 = -w + q. Suppose 23 = 5*u - w. What are the prime factors of u?
2, 5
Let z = -8 - -5. Let s be 1/(z/(-12)*-2). What are the prime factors of s/(-6) - (-28)/6?
5
Let d(k) = -k**2 - k + 16. What are the prime factors of d(0)?
2
Let s(j) = -j + 14. Let u be s(8). Suppose 3*w - 5*m = u, -3*w + m + 11 = -w. What are the prime factors of w?
7
Suppose w + 7 = y, 2*y - 3*w - 17 + 1 = 0. Suppose -6*r + 11 = -y*r. List the prime factors of r.
11
Let y(c) be the second derivative of c**5/60 + c**4/24 - 5*c**3/6 + 2*c**2 - 4*c. Let b(n) be the first derivative of y(n). What are the prime factors of b(4)?
3, 5
List the prime factors of 51 - (-6)/(-3) - 0.
7
Let y(u) = 14*u**2 - 3*u - 80. Let f(r) = 5*r**2 - r - 27. Let l(g) = 11*f(g) - 4*y(g). What are the prime factors of l(0)?
23
Let l = 2 + 3. Suppose 0 = -2*o + l*q + 5, 3*o - 2*q + 9 = 0. List the prime factors of (45/(-6))/o*2.
3
Let k(j) = j**2 + 4. Let p be k(0). Suppose 2*a = p*a - 2. What are the prime factors of (11/(-2) - a)*-2?
13
Let j = 7 + -2. Suppose -2*n + c = 2*n - 18, n + 6 = -j*c. Suppose -x - 4 = -n*w, 0*w = 3*x + 3*w - 48. What are the prime factors of x?
2, 3
What are the prime factors of (-4 - 72/(-20))/(1/(-100))?
2, 5
Suppose -5*v = 5*n, 0 = -4*n + 2*v - 5*v + 2. Suppose -4*s + 27 = -3*s + 3*k, 2*k + 22 = n*s. What are the prime factors of s?
3, 5
Let r(m) = -m**3 - 10*m**2 - m + 4. Let t be r(-10). Let z be 777/t + (-6)/4. Let i = -38 + z. List the prime factors of i.
2
Suppose -s = -3*n - 89, 10 + 13 = -n - s. Let k = n - -61. List the prime factors of k.
3, 11
Let b = 8 + -4. Let p = b - -3. Let c = p + -4. List the prime factors of c.
3
Let r(p) = p**2 - 2*p - 6. Let y(k) = k**2 + 4*k + 5. Let a(t) = -t**2 + 9*t - 12. Let o be a(8). Let g be y(o). List the prime factors of r(g).
3
Suppose -22 = -t + 5. Suppose -5*x = -5*z + 84 - 24, -z = -2*x - 26. Let u = x + t. What are the prime factors of u?
13
Let x(q) be the first derivative of q**4/4 + q**2/2 + 2*q - 3. What are the prime factors of x(2)?
2, 3
Suppose -2*z + 55 + 353 = 0. List the prime factors of z.
2, 3, 17
Suppose r + 4*r - 45 = 0. Let k = -6 + r. Suppose 12 = k*z + z. List the prime factors of z.
3
Suppose -2*u + 3*v = -25 - 14, -5*v + 5 = 0. Let t = 3 + u. List the prime factors of 8/t - 76/(-6).
13
Suppose 5*j - 622 = -242. List the prime factors of j.
2, 19
Let t(z) = -z**3 + 2*z**2 + 3*z + 3. Let h be t(3). Suppose 4*a = -3*o - o + 24, 2*o - a = 15. Suppose h*l = o + 2. List the prime factors of l.
3
What are the prime factors of ((-80)/(-14))/(6/42)?
2, 5
Let l(a) = -3*a**2 - 2*a + 2*a - a + 5*a**2 + 3. What are the prime factors of l(2)?
3
Let v = -12 + 55. What are the prime factors of v?
43
Let f(a) be the first derivative of -a**4/4 - 5*a**3/3 + 2*a**2 - 5*a + 2. List the prime factors of f(-6).
7
Let u = -8 + 20. Let x = -8 + u. Suppose 0 = -x*i + 5*i - 7. List the prime factors of i.
7
Let a(j) = -16*j - 16. What 